57348 and d?
59
Let n be (-54)/((-8)/72 - (-1)/(-9)). Let o = n + -213. Let l be 20/(-6)*(-3)/1. What is the greatest common factor of o and l?
10
Suppose 2*k - 41 = -2*w + 71, 3*k = 4*w - 210. Calculate the greatest common divisor of w and 288.
18
Suppose 1400 = -12698*c + 12703*c. Calculate the highest common divisor of 520 and c.
40
Suppose 247*z - 301*z = 306*z - 70200. Calculate the greatest common factor of 975 and z.
195
Let u(l) = -l**3 + 2*l**2 + 5*l - 6. Let j be u(3). Suppose 4*w - 4*m - 132 = 0, w - 8*m + 6*m - 35 = j. Calculate the highest common factor of 589 and w.
31
Let m(l) = 109*l**2 - 223*l**2 + 113*l**2 + 11 + 2*l**3 + 4*l. Let t be m(5). Calculate the greatest common factor of t and 16.
16
Let y be 2*1*-2 - (58 - 87). Suppose 2*s = -12*w + 16*w + 10, s + 2*w - y = 0. Suppose 55 = -5*h + 205. What is the greatest common factor of s and h?
15
Let q(j) = -j**3 - 79*j**2 - 9*j - 251. Let b be q(-79). Calculate the greatest common factor of b and 1265.
115
Suppose -3*f + 3*l = -579 - 402, 0 = f + 4*l - 312. What is the highest common divisor of 69 and f?
3
Suppose -2056 = -37*v + 36*v + d, -d = -3*v + 6170. What is the greatest common factor of 204 and v?
17
Let q be 72*(4 + 16/(-12)). Suppose -12 = -371*i + 367*i. Calculate the highest common divisor of q and i.
3
Let k(d) = 5*d + 35. Let q = 276 - 278. Let c be k(q). What is the greatest common divisor of c and 1325?
25
Let q be (19 - -2)*(-12)/(-14). Let l be (32/(-6))/(28/(-63)). Calculate the greatest common divisor of q and l.
6
Suppose -z = 4*l - 76, 0*z + 5*l - 271 = -4*z. What is the highest common divisor of 5184 and z?
64
Let g be (5/((-10)/39) - -2)*-6. Suppose 5*y = -s - 4*s + g, 0 = -s - 4*y + 21. Calculate the greatest common divisor of s and 84.
21
Let i(h) = -1231*h - 7338. Let y be i(-6). Calculate the greatest common factor of 4464 and y.
48
Let y be (50/55)/5 - (-592)/11. Let t be 2208/9 + 378/(-162). Calculate the greatest common factor of t and y.
27
Suppose -4*z = r - 288, -12*z - 216 = -15*z - 3*r. Suppose m - 22 = -0*m. Suppose 3*a - m = 14. Calculate the highest common factor of a and z.
12
Let i be (-4)/((-32)/(-762))*4. Let p = -253 - i. Calculate the highest common divisor of 288 and p.
32
Let v(c) = -77*c - 81*c**3 - 2*c**2 + 12 + 39*c + 46*c. Let k be v(-2). Calculate the greatest common divisor of k and 12.
12
Let t(z) = 23*z**2 + 379*z + 10. Let f be t(-18). What is the greatest common factor of f and 1152?
128
Suppose h - 5*r + 1 = 0, -2*h + 14*r - 15*r + 42 = 0. What is the greatest common divisor of h and 1216?
19
Let n be 8/6 + (14/(-105))/((-24)/109740). Calculate the highest common factor of n and 312.
13
Let u be (-16*4/20)/((-4)/1310). What is the highest common divisor of u and 2?
2
Let l(v) = -32*v - 1651. Let b be l(-93). Calculate the highest common factor of b and 75.
25
Suppose -4*q + 9*q - 405 = 0. Let v(d) = -d**3 - 5*d**2 + 3*d - 6. Let f be v(-7). Let w = 80 - f. What is the highest common factor of w and q?
9
Suppose 0 = 3*x - 5*x - 2*q, 2*q = x. Suppose x = 7*y + 39 - 46. Suppose -7*j - 4 = 4*n - 3*j, -3*j - 13 = -2*n. What is the greatest common factor of y and n?
1
Let c(w) = 3*w**2 + 31*w + 170. Let i be c(-11). What is the highest common divisor of 80 and i?
16
Let m(o) = o**2 - 6*o + 16. Let y be m(8). Let u = -85 + 165. What is the highest common factor of u and y?
16
Let k(o) = -66*o**3 - 4*o**2 - 22*o - 56. Let a be k(-4). What is the greatest common factor of a and 32?
32
Let f(w) = 2*w**2 + 38*w + 1533. Let u be f(0). Calculate the greatest common divisor of 168 and u.
21
Let k be 5/(-5)*3*-2. Let n be ((-16)/(-32))/((-1)/k). Let x be 4/6 - (34/n - 0). Calculate the greatest common divisor of x and 12.
12
Let o be 12/6 - 26 - -7. Let n(q) = q**2 + 13*q - 28. Let c be n(o). Let i be (-1)/2 + 18/4. What is the greatest common factor of i and c?
4
Let f = 10843 - 10061. What is the highest common factor of 460 and f?
46
Let t(s) = -s**3 + 46*s**2 - 182*s - 22. Let q be t(41). Let b = -427 + q. What is the highest common divisor of 76 and b?
38
Suppose -4*w + w - 9 = 0. Let c be -18*10/w + -5. What is the greatest common divisor of c and 44?
11
Let b = -407 + 409. Suppose -9*h + 238 = -5*h - 3*d, 4*d + 124 = b*h. What is the highest common factor of 145 and h?
29
Let k(w) = -145*w + 669. Let s be k(1). Calculate the highest common factor of s and 3275.
131
Let b be ((-245)/(-4))/(-5*(-4)/80). Let x be b/(-4) - 2/(-8) - -1. Let s = -53 - x. What is the highest common factor of 49 and s?
7
Let r be 8/(-2)*(-2)/(-4). Let f be 1/(-3)*(r + -4). Suppose f*i - 162 = -34. Calculate the highest common divisor of i and 16.
16
Suppose 14*a - 37 + 9 = 0. Suppose 0 = a*h + 46 - 48. Suppose h + 2 = x. What is the highest common factor of 27 and x?
3
Suppose 900 = 3*x + x. Suppose 36 = 10*d + 6. Suppose 8*n = d*n + x. What is the greatest common divisor of n and 15?
15
Let t = 146 + -93. Let s = -342 - -324. Let q be s/(-27) - ((-957)/9 - -1). Calculate the greatest common divisor of t and q.
53
Let a(b) = 16*b + b**2 + 10*b**3 - 11*b**3 + 6*b**2 + 19 + 4. Let q be a(9). What is the greatest common factor of q and 355?
5
Let q = -39847 + 43780. Calculate the highest common factor of q and 115.
23
Let r(p) be the second derivative of -8*p**3/3 + 57*p**2 + 3*p - 23. Let l be r(6). What is the greatest common divisor of l and 12?
6
Let r be 4/14 - (-514)/14. Let l(q) = q**2 - 6*q - 8. Let j be l(8). Let k be (-444)/j*(-4 - (-1 + -1)). What is the greatest common factor of r and k?
37
Let v(i) = 2*i**2 - 7*i - 7. Let c be v(7). Suppose 0 = 3*q - 6, 5*o + 6*q = 11*q + 200. What is the greatest common divisor of c and o?
42
Let p(s) = 3*s - 7 - 8*s - 2*s - 35*s**2 + 34*s**2. Let l be p(-5). Suppose 11*u - 8 = l*u. What is the greatest common divisor of 2 and u?
1
Suppose 459 = 89*g - 72*g. Let w(a) = a**2 - a. Suppose -d + 1 + 2 = 0. Let n be w(d). What is the highest common divisor of n and g?
3
Suppose -3*u + u = -504. Suppose g + 4*g - 4*l + 418 = 0, 3*g - 3*l + u = 0. Let n be (g/(-6) - -1)*(-3)/(-2). What is the highest common divisor of n and 176?
22
Let y(u) = u**3 - 21*u**2 + 95*u + 42. Let h be y(18). Calculate the highest common divisor of h and 16.
4
Suppose 2182*w = 2183*w - 18. Let d be (3/(-2))/((-3)/(-8)). Let m(c) = c**3 + 5*c**2 + 5*c + 6. Let h be m(d). What is the highest common divisor of h and w?
2
Let k(j) = -5*j**3 - 6*j**2 - 8*j - 42. Let x be k(-5). Calculate the highest common factor of 1075 and x.
43
Suppose -60424 = -5*h - 3*t, 0 = -236*h + 240*h - 5*t - 48280. Calculate the highest common divisor of 80 and h.
80
Let f(p) = -p - 1. Let q(s) = 2*s**2 + 7*s - 9. Let z(h) = 3*f(h) + q(h). Let k be z(-6). What is the greatest common factor of k and 48?
12
Let x be (-8*10)/((-27 - -66) + -41). Calculate the highest common factor of x and 5584.
8
Let q(n) be the first derivative of 17*n**2/2 - 104*n - 155. Let r be q(7). What is the highest common divisor of r and 375?
15
Let p = 94 - 148. Let t be (-16)/(-6)*p/(-8). Suppose -2766*q - 4554 = -2789*q. What is the highest common divisor of t and q?
18
Suppose -4*f + 22 = o + 2, -3*f - 2*o = -20. Suppose 5*v = 2*y - f*y + 39, -5*y = v + 6. Let d = v + 3. Calculate the highest common divisor of d and 60.
12
Let r be 22*(26 + -24) - -24. Suppose -2*x + 35 - 1 = 0. Let a = x - -34. What is the greatest common factor of a and r?
17
Let n(p) = 5*p + 52. Suppose 51*q - 80 = 59*q. Let s be n(q). What is the greatest common divisor of 28 and s?
2
Suppose 2*b - 4 = 0, 16*a + 2*b = 21*a - 21. Suppose -3*p + 7*p + 330 = d, -3*d - a*p + 1041 = 0. What is the greatest common divisor of d and 18?
18
Let z be ((-6)/12)/((-2)/56). Suppose -66 = -o - z. Suppose k + 3*k - 52 = 0. What is the highest common divisor of k and o?
13
Let p = -4 + 7. Let w be 56/p + (-2)/3. Suppose 3*s - 472 = -2*r, 4*r + 137 + 701 = 5*s. What is the greatest common factor of s and w?
18
Let p = 74 + -83. Let s be 138*p/(-4)*2/3. What is the greatest common divisor of 46 and s?
23
Let v = 57 + -101. Let f be v/(-10) - (-14)/(-35). Let a(w) = 3*w - 62. Let q be a(22). Calculate the highest common factor of f and q.
4
Suppose 0 = 5*y + 21*y + 130. Let r be y/(2*-5) - 58/(-4). What is the greatest common divi